
3
Suppose -3*c + 5059 = -4*q, -4*q + 10051 = 4*c + 3343. What are the prime factors of c?
41
Let v be (-6)/(-10)*(6 + -1). Suppose 10 + 11 = v*m. Let c(p) = -p**2 + 9*p - 6. List the prime factors of c(m).
2
Let q(s) = 222*s + 10. List the prime factors of q(2).
2, 227
Let i(s) = s**3 + 6*s**2 + 2*s - 12. Let k be i(-4). Let l(v) = 5*v + 15. What are the prime factors of l(k)?
3, 5
Suppose -2*y + 0*y = -320. Let q be (36/(-30))/(6/y). Let b = -16 - q. What are the prime factors of b?
2
Let l = 0 + 2. Let j be (-9)/6*(-410)/15. Let k = j + l. What are the prime factors of k?
43
Let z(n) = 10*n**2 + 5 + 28*n**2 - 10*n**2 - 3*n. What are the prime factors of z(2)?
3, 37
Let t(c) = 6 + 6*c + 4*c - 9*c. Let n be t(-5). List the prime factors of (n - 1 - 2) + 20.
2, 3
Let a(g) = 125*g**2 - g + 5. What are the prime factors of a(4)?
3, 23, 29
What are the prime factors of (-45)/60 + (27537/12 - 1)?
2293
Suppose -5*j - 8 = -9*j. Suppose 0 = 5*s - s + j*n + 6, -5*s + 25 = -4*n. What are the prime factors of 37 - (-12)/(-4*s)?
2, 17
Let j = 92 + -57. Let h = j + -23. What are the prime factors of (-876)/(-21) - h/(-42)?
2, 3, 7
Let b(o) = -14*o**2 - 15*o + 26. Let q(k) = -5*k**2 - 5*k + 9. Let l(c) = -4*b(c) + 11*q(c). List the prime factors of l(-15).
5, 29
Suppose 0 = c + 3*v + 475, -2*c = c + 5*v + 1413. Let j = 152 - 166. List the prime factors of (-4)/14 + c/j.
3, 11
Let h(o) = -o**2 + 8*o - 7. Let q be h(6). Suppose 2*n = -3*n + 2*y + 178, -q*y = -2*n + 67. What are the prime factors of n?
2, 3
Let i(x) = 9 + 3 - x**3 - 9 + 11. Let l be i(0). Suppose -3*p + 10 = 4*y, 3*y = -5*p - y + l. What are the prime factors of p?
2
Suppose 2*t + 3*z = 8, 0 = -2*t - 3*z + 8*z + 8. Suppose 5*g - 102 = -t*i + 267, 2*i + 85 = g. List the prime factors of g.
7, 11
Suppose 0 = -2*q + 341 + 219. What are the prime factors of q?
2, 5, 7
Suppose -1634 = -i + a - 0*a, -3*a = -12. What are the prime factors of i?
2, 3, 7, 13
Let g = 278 + -155. List the prime factors of g.
3, 41
Suppose -2697 = -11*o + 2550. List the prime factors of o.
3, 53
Let z(c) be the third derivative of c**6/360 + c**5/120 + c**4/6 + c**3/3 + 7*c**2. Let a(i) be the first derivative of z(i). List the prime factors of a(4).
2, 3
Let g(s) = 42*s - 132. What are the prime factors of g(15)?
2, 3, 83
Suppose -3*b - 5*o = -176, -b + 19 = -3*o - 21. Suppose 0 = -2*v + 14 + b. Suppose 102 = 5*n + 5*s - v, 3*n - s = 69. List the prime factors of n.
2, 3
What are the prime factors of (2251 - -2)/(0 + 1)?
3, 751
Suppose 0 = -3*a - 41*m + 37*m + 928, 304 = a + 4*m. What are the prime factors of a?
2, 3, 13
Let s = -160 - -152. Let a = 55 + s. What are the prime factors of a?
47
Suppose 0*x - 84 = -2*x. Let a be 2 - 0*4/4. Suppose -2*w + x + 16 = a*h, 5*h = w + 175. What are the prime factors of h?
2, 17
Let z(m) = -m**2 - 69*m - 24. List the prime factors of z(-21).
2, 3, 41
Suppose 0 = -4*w + 5*w - 165. Let s = w + -106. What are the prime factors of s?
59
Let o(f) = -26*f + 175. List the prime factors of o(-13).
3, 19
Suppose -32*h + 9*h = -1771. What are the prime factors of h?
7, 11
Let i be 14/6*(0 - -3). Suppose -2*z = -i - 7. Suppose z = -v + 31. What are the prime factors of v?
2, 3
Let w be -10 + (-4 - -1*(-2 - -4)). List the prime factors of (644/6)/((-8)/w).
7, 23
Suppose -3*l + 40 = 4*x, -x - 2*l + 5 = -0*l. Let o = -13 + x. Suppose -3*n - 2*z + 145 = -o, -5*z = 4*n - 205. What are the prime factors of n?
3, 5
Suppose m - 4*y - 175 = 136, 5*m - 2*y - 1519 = 0. List the prime factors of m.
3, 101
Let r = -350 + 2201. What are the prime factors of r/15 + ((-3)/(-5) - 1)?
3, 41
Let o = -8357 - -11759. What are the prime factors of o?
2, 3, 7
Suppose b - 4*f - 63 = f, -4*b = -f - 233. Suppose 6*p - 30 = 18. Suppose 0 = -6*l + p*l - b. List the prime factors of l.
29
Suppose -4*d + 2060 = 3*f - 7*f, 2040 = 4*d + f. What are the prime factors of d?
7, 73
Let p(y) = y**2 - 5*y - 17. Let l be p(8). Suppose 80 = -l*g + 388. What are the prime factors of g?
2, 11
Suppose d = -3*r + 61, 0*d + 209 = 3*d - 4*r. Suppose 3*h = 2*o + 44, 0 = o + 4*h + d - 23. What are the prime factors of 5/(40/(-12))*o?
2, 3, 7
Suppose -4*v - 8 - 2 = -2*d, -2*d = v - 10. Suppose v = -63*b + 66*b - 24. List the prime factors of b.
2
Let z(s) = 7*s**2 + 3*s - 1. Let w be z(-4). Suppose -r + 4*d = 2*d - 2, 2*r - 6 = 2*d. Suppose 0 = 5*n - w + r. What are the prime factors of n?
19
Let c(v) = -v**3 + 13*v**2 - 17*v + 10. Let k(o) = o**2 + 8*o - 22. Let u be k(-11). What are the prime factors of c(u)?
5, 13
Suppose 3*n - 4 = 2*m, m = 5*n - 13 - 3. Suppose -p + 42 = 4*t, -52 = -5*t - m*p + 3*p. List the prime factors of t.
2, 5
Suppose 0 = -2*b + b + 2. Suppose 51 = 3*p - b*p. List the prime factors of p.
3, 17
Suppose -2*g = 5*c - 0*g - 23, 0 = -3*c - g + 14. Suppose -8*v + c*v = -573. List the prime factors of v.
191
Let r = -1114 + 1324. What are the prime factors of r?
2, 3, 5, 7
Let l(u) = 37 - 10*u - 26 - 35. List the prime factors of l(-12).
2, 3
Suppose -2*p + 30 = 3*p. Suppose 2*x = -p, -3*x + 2 = -5*i + 41. List the prime factors of i/(-21) + (-37)/(-7).
5
Let q(c) = c - 1. Let j(v) = 35*v**2 - 5*v. Let f(k) = -j(k) - 3*q(k). Let m be f(-1). Let a = -9 - m. What are the prime factors of a?
5
Suppose 13*r - 27 = 4*r. List the prime factors of 1614/10 + r + 12/(-5).
2, 3
List the prime factors of -15 + 10 + 4520 - 8.
4507
What are the prime factors of 9/(-18) - (-2)/((-8)/(-878))?
3, 73
Let n be (-18)/(-45) + 13/5. Suppose n*h = -0*h + 15. Suppose 0 = 5*v - s - 195 - 78, -5*v = -h*s - 285. List the prime factors of v.
2, 3
Suppose -l = -3*l - 54. Let q = l - -44. What are the prime factors of q?
17
Let z(q) = -q**3 - 7*q**2 - 10*q - 14. Let x be z(-6). Suppose -2*t = 2*t - 4*u - 148, -2*u - x = 0. List the prime factors of t.
2
Suppose -r + 1019 = -2733. List the prime factors of r/42*(0 + (-9)/(-6)).
2, 67
Let g = 292 - -207. List the prime factors of g.
499
Suppose 0 = 2*x - 4*a, 0*x + 2*x - 7 = -3*a. Suppose -58 = 3*q + 2*b, -x*b = -q - 17 - 13. List the prime factors of (-1793)/(-121) - 4/q.
3, 5
Let f be 52 - (-10)/(-4 - 1). Suppose f = -n + 157. What are the prime factors of n?
107
Let h(p) = -7*p**3 + 6*p**2 - 9*p - 41. What are the prime factors of h(-3)?
229
Suppose -4*s + 27852 = 7*s. What are the prime factors of s?
2, 3, 211
Suppose 2*p - 557 = k + 399, 0 = -5*p - 3*k + 2368. What are the prime factors of p?
2, 7, 17
Suppose 236*g = 228*g + 16608. List the prime factors of g.
2, 3, 173
Let t = -499 - -885. List the prime factors of t.
2, 193
Suppose 2*b - 21 = -11. Suppose -s = -b*j - 270, 5 + 1 = -3*j. List the prime factors of s.
2, 5, 13
Let o(g) = 1 - 23*g + 22*g + 2. List the prime factors of o(-4).
7
Let b be 9 + -12 - (0 + 16). Suppose 0 = -5*m + 3*y + 16 + 279, 4*m + 5*y = 236. Let n = m + b. What are the prime factors of n?
2, 5
List the prime factors of (-284312)/(-70) - -8 - (-3)/(-5).
13, 313
Suppose -4*w + n = -140, -2*w = -w - 3*n - 24. Suppose -38 = -p + w. Let z = 115 - p. List the prime factors of z.
41
Let r(w) = -2*w - 11. Let l be r(-7). Suppose -2*m = -0*m + l*i - 82, -5*m = 3*i - 205. List the prime factors of m.
41
Let u be 1/(2/6) - 6. Let g be 5 + -2 + (u - -1). What are the prime factors of -3 + (44 + -1 - g)?
3, 13
Let f(h) = 25*h**2 + 3*h - 3. Let b be f(3). What are the prime factors of (-7)/(b/78 - 3)?
2, 7, 13
Let l = -4 + 19. Suppose 19*m = l*m. Suppose 20 = -m*b + 4*b, 2*i - 4*b - 80 = 0. List the prime factors of i.
2, 5
Suppose 6*c - c = 0. Let j(l) = -l**2 + 78. Let y be j(c). Let n = y + -49. What are the prime factors of n?
29
Let p(o) = o**3 - 4*o**2 + 4*o - 2. Let f be p(3). Let d(q) = 107 - 2*q + 28*q - 108. What are the prime factors of d(f)?
5
Let b = -15 - -15. Let j(w) = w**3 - w**2. Let d be j(b). Suppose -3*h - 5*m = -152, d = h - 3*h - 2*m + 96. List the prime factors of h.
2, 11
Let d = -648 - -1065. What are the prime factors of d?
3, 139
Let h(k) = -9*k - 16 + k**3 - 7*k - 6*k**3 + 4*k**3 - 15*k**2. Let q be h(-14). Suppose -3*i = q, -2*s + 2*i + 0*i + 72 = 0. List the prime factors of s.
2
Suppose t + 5 = 9. Suppose -102 = -6*c + t*c. What are the prime factors of c?
3, 17
Suppose 4*r + 20 = 2*r + 3*q, 0 = -5*r - 3*q - 8. Let j be (264/(-3))/r + -2. Suppo